1004. Give c(11).
3
Let r(x) = 5*x**2 + 707*x + 706. Determine r(-1).
4
Let m(i) = 375*i - 12379. What is m(33)?
-4
Let s(u) = 182*u + 1357. What is s(-8)?
-99
Let a(i) = i**2 - 77*i + 397. Give a(6).
-29
Let s(x) = 65*x - 21. What is s(0)?
-21
Let g(h) = 2*h**3 + 68*h**2 - 572*h - 24. What is g(7)?
-10
Let a(m) = -3*m**2 - 202*m - 65. Give a(-67).
2
Let j(r) = -6*r**2 + 99*r + 77. Give j(17).
26
Let s(c) = 3*c**3 - 153*c**2 - 312*c - 325. Give s(53).
-7
Let n(z) = 143*z - 2158. What is n(15)?
-13
Let u(o) = 49*o + 342. Calculate u(-7).
-1
Let j(c) = -325*c + 1936. Determine j(6).
-14
Let a(l) = -l**3 - 40*l**2 - 29*l + 391. Give a(-39).
1
Let k(q) = -50*q - 10. Determine k(-5).
240
Let j(a) = -316*a - 3470. Determine j(-11).
6
Let y(m) = 124*m - 1050. What is y(9)?
66
Let j(v) = 91*v + 311. Calculate j(-11).
-690
Let v(l) = l**2 + 12*l - 104. Determine v(6).
4
Let s(c) = -2*c**3 + 97*c**2 - 46*c - 102. Give s(48).
-6
Let k(f) = f**3 + 34*f**2 - 936*f + 4. Calculate k(-52).
4
Let w(k) = 2*k**3 + 38*k**2 + 13*k + 282. Give w(-19).
35
Let w(b) = b**2 - 99*b - 25600. What is w(-118)?
6
Let m(c) = c**3 + 8*c**2 - 15*c + 69. Give m(-10).
19
Let i(m) = -63*m - 119. Give i(-1).
-56
Let g(s) = 60*s + 35. Calculate g(-4).
-205
Let y(c) = -c**3 + 51*c**2 - 91*c - 350. What is y(49)?
-7
Let n(s) = 11*s + 447. Calculate n(3).
480
Let v(q) = 2*q**3 - 39*q**2 + 18*q - 63. Determine v(19).
-82
Let d(s) = 14*s - 52. Determine d(5).
18
Let b(v) = v**3 - 4*v**2 - 6*v + 152. Give b(0).
152
Let s(j) = -j**3 + 17*j**2 - 50*j - 45. Determine s(14).
-157
Let w(p) = -2*p**2 + 62*p + 160. Determine w(33).
28
Let b(j) = 3*j**2 - 555*j + 1600. Give b(182).
-38
Let v(n) = -43*n - 475. Give v(-11).
-2
Let r(q) = -q**2 - 12*q - 23. Calculate r(-11).
-12
Let k(o) = o**3 + 3*o**2 - 79*o - 14. Determine k(-11).
-113
Let a(r) = -r**3 + 69*r**2 - 206*r + 527. Give a(66).
-1
Let v(w) = -3*w**2 - 50*w - 36. What is v(-16)?
-4
Let y(b) = -7*b**2 - 15*b - 13. What is y(-1)?
-5
Let y(m) = 2*m**3 - 99*m**2 + 143*m - 44. Give y(48).
-92
Let y(a) = -83*a**2 - 18*a - 18. Determine y(-1).
-83
Let i(s) = -s**3 + 14*s**2 - 3*s - 10. Calculate i(0).
-10
Let l(v) = -129*v**2 - 658*v + 10. Calculate l(-5).
75
Let n(i) = 2*i**2 + 72*i - 473. Give n(-42).
31
Let j(t) = t**3 - 7*t**2 - 65*t + 333. Give j(5).
-42
Let x(n) = -178*n + 60. Determine x(1).
-118
Let m(o) = -o**3 - 32*o**2 - 473*o - 12387. Give m(-30).
3
Let q(s) = s**3 + 22*s**2 + 34. What is q(-22)?
34
Let h(l) = l**2 - 69*l - 1075. Calculate h(82).
-9
Let h(v) = v**3 + 38*v**2 - 80*v + 30. Determine h(-40).
30
Let x(d) = 4*d**2 - 23*d - 12. Determine x(6).
-6
Let f(t) = 65*t**2 - 228*t + 8. What is f(4)?
136
Let u(m) = -7*m**2 + 198*m - 88. Calculate u(28).
-32
Let j(b) = -40*b**2 + 6161*b - 152. Give j(154).
2
Let j(h) = -h**3 + 30*h**2 - 57*h + 31. Calculate j(28).
3
Let u(p) = -2*p**3 - 14*p**2 - 850*p - 3270. Calculate u(-4).
34
Let d(a) = 12*a - 653. What is d(50)?
-53
Let l(z) = 56*z + 20. Calculate l(-1).
-36
Let b(d) = -320*d - 4829. Determine b(-15).
-29
Let w(j) = 123*j - 10447. Give w(85).
8
Let m(s) = -s**2 + 119*s + 1858. Calculate m(-14).
-4
Let w(z) = 10*z - 340. Determine w(37).
30
Let v(s) = 12*s + 152. Give v(0).
152
Let n(p) = 3*p**2 + 7*p - 19. What is n(-9)?
161
Let z(n) = 152*n - 146. Calculate z(1).
6
Let h(p) = -1116*p + 12294. Give h(11).
18
Let q(p) = -3*p**3 + 3*p**2 + 14*p. Calculate q(5).
-230
Let w(i) = 12*i**2 + 42*i - 17. Give w(-6).
163
Let u(a) = a**2 + 44*a - 612. What is u(11)?
-7
Let s(d) = -d**3 - 41*d**2 + 8*d + 314. Determine s(-41).
-14
Let l(h) = h**2 - 45*h + 369. Calculate l(12).
-27
Let n(q) = -165*q - 1772. Give n(-12).
208
Let o(f) = -858*f + 145857. Calculate o(170).
-3
Let h(k) = -k**3 - 54*k**2 - 94*k + 522. What is h(-52)?
2
Let z(u) = -7*u**3 + 48*u**2 - 85*u + 9. Calculate z(3).
-3
Let b(v) = -160*v - 186. Calculate b(-4).
454
Let i(n) = n**2 + 53*n + 288. Determine i(-6).
6
Let j(p) = -2*p**3 + 30*p**2 - 1009*p + 16652. Calculate j(16).
-4
Let c(r) = r**3 - 31*r**2 + 144*r - 371. What is c(26)?
-7
Let y(i) = -4*i**3 + 2*i**2 - 6*i - 42. Give y(-3).
102
Let h(z) = 8*z**3 - 2*z + 13. Calculate h(2).
73
Let o(g) = g**3 - 72*g**2 + 170*g - 7030. Calculate o(71).
-1
Let j(n) = -n**3 + 237*n**2 - 281*n + 10627. Give j(236).
7
Let t(l) = -29947*l + 269533. Calculate t(9).
10
Let z(w) = 39*w**2 + 104*w - 30. Calculate z(-3).
9
Let i(n) = 80*n - 300. Calculate i(2).
-140
Let q(u) = u**3 - 41*u**2 - 40*u - 185. Determine q(42).
-101
Let q(a) = -a**3 - 6*a**2 - a + 11. What is q(-4)?
-17
Let q(c) = -8*c + 35. Give q(7).
-21
Let a(n) = -n**3 + 3*n**2 + 24*n - 77. Give a(3).
-5
Let o(r) = r**3 - 138*r**2 - 132*r - 962. Determine o(139).
11
Let z(g) = g**3 + 38*g**2 - 81*g - 12. Determine z(-40).
28
Let y(x) = -x**3 + 10*x**2 - 6*x - 48. Determine y(5).
47
Let y(j) = -12*j**2 - 814*j - 6250. Calculate y(-59).
4
Let o(y) = 2*y**3 + 18*y**2 + 20*y - 24. What is o(-7)?
32
Let s(g) = -2*g**2 - 429*g - 2089. What is s(-5)?
6
Let k(t) = -1339*t + 5530. Give k(4).
174
Let a(g) = g**2 - 56*g + 202. What is a(52)?
-6
Let g(b) = -b**3 - 2*b**2 + 34*b + 20. What is g(7)?
-183
Let q(n) = n**2 + 8288*n - 66376. Determine q(8).
-8
Let u(w) = -22*w - 1267. Give u(-50).
-167
Let p(f) = -5*f**2 - 46*f - 85. What is p(-5)?
20
Let b(o) = o**2 - 5*o - 12. What is b(17)?
192
Let a(k) = -2*k**2 - 12502*k - 149740. What is a(-12)?
-4
Let k(w) = -298*w - 19694. Determine k(-66).
-26
Let y(t) = t**2 - 328*t - 2309. Calculate y(-7).
36
Let o(f) = 35*f**2 + f - 1. Give o(1).
35
Let a(j) = 3*j**3 - 16*j**2 - 6*j + 76. What is a(5)?
21
Let g(u) = 723*u + 1468. What is g(-2)?
22
Let r(k) = 2*k**2 + 148*k + 1976. Calculate r(-18).
-40
Let b(m) = 6*m**3 - 22*m**2 - 41*m + 126. What is b(4)?
-6
Let o(u) = u**2 - 32*u - 1571. Give o(59).
22
Let w(k) = -56*k**3 - 6*k**2 + 3*k + 2. Determine w(1).
-57
Let v(r) = r**3 - 5*r**2 + 137*r + 690. Calculate v(-4).
-2
Let t(g) = 7*g - 390. Give t(42).
-96
Let l(t) = 2*t**3 - 9*t**2 + 2*t - 1. What is l(6)?
119
Let x(a) = -2*a + 7. Determine x(7).
-7
Let m(c) = -c**2 - 29*c + 51. Determine m(-28).
79
Let h(j) = j**3 - 16*j**2 + 48*j + 7. Calculate h(4).
7
Let x(n) = -14160*n - 113289. Calculate x(-8).
-9
Let j(t) = 21*t - 26. Calculate j(0).
-26
Let u(b) = 81*b - 408. What is u(5)?
-3
Let c(n) = 3*n**2 - 64*n + 133. Determine c(2).
17
Let d(x) = 52*x + 1206. Give d(-24).
-42
Let i(f) = 38*f + 1731. Calculate i(-41).
173
Let b(i) = -18*i - 75. Calculate b(-8).
69
Let s(r) = -4*r**2 + 36*r - 158. Calculate s(4).
-78
Let d(p) = -43*p + 541. Determine d(12).
25
Let s(m) = 11*m - 298. Determine s(19).
-89
Let u(k) = 7*k**2 + 202*k + 690. What is u(-25)?
15
Let q(l) = -2*l**3 - 107*l**2 + 46*l - 432. What is q(-54)?
0
Let c(l) = l**3 + 150*l**2 + 866*l + 9. Give c(-6).
-3
Let r(x) = -x**3 + x**2 + 24*x - 33. Determine r(6).
-69
Let j(n) = -2*n**3 - 34*n**2 - 2*n - 29. Give j(-17).
5
Let j(w) = -2*w**2 - 26*w + 9. Calculate j(-15).
-51
Let g(a) = -117*a - 2810. Give g(-24).
-2
Let c(q) = 3*q**3 - 9*q**2 - 12*q - 21. Give c(-5).
-561
Let o(b) = 2*b**3 - 22*b**2 - 45*b - 7. Give o(-2).
-21
Let h(t) = -t**3 + 21*t**2 - 8*t + 1209. What is h(23)?
-33
Let s(r) = 10*r**2 - 28*r + 14. Determine s(3).
20
Let j(u) = -u**2 + 34*u + 202. Give j(39).
7
Let n(b) = b**3 + 33*b**2 - 45*b + 2271. Determine n(-36).
3
Let v(t) = -263*t + 12. Determine v(1).
-251
Let s(v) = -2*v**2 + 20*v - 40. Calculate s(5).
10
Let n(s) = s**3 - 6*s**2 + 40*s - 172. Calculate n(5).
3
Let t(f) = 24*f - 709. Calculate t(30).
11
Let c(p) = -225*p + 3828. Determine c(17).
3
Let n(k) = 2*k**2 + 184*k + 1909. Give n(-12).
-11
Let l(s) = -9*s**3 - 76*s**2 - 4*s + 14. Calculate l(-9).
455
Let a(f) = -f**2 + 30*f - 138. What is a(8)?
38
Let d(m) = -2*m**2 - 8*m - 20. Calculate d(-6).
-44
Let w(j) = j**2 + 62*j - 367. Calculate w(-72).
353
Let q(j) = -2*j**3 - 56*j**2 + 5*j + 50. Give q(-28).
-90
Let b(d) = d**3 + 6*d**2 - 19*d - 70. Give b(-8).
-46
Let i(q) = -q**3 + 8*q**2 + 7*q + 10. Calculate i(6).
124
Let l(j) = -2*j**3 + 5*j**2 - 217*j - 462. What is l(-2)?
8
Let m(h) = 2*h**2 - 31*h - 357. Calculate m(-11).
226
Let y(h) = -475*h + 1394. What is y(3)?
-31
Let m(i) = -3*i**2 - 14*i + 152. Give m(-10).
-8
Let k(i) = -3093*i - 40